{"id":295,"date":"2021-09-04T16:25:05","date_gmt":"2021-09-04T14:25:05","guid":{"rendered":"https:\/\/www.sp11.gliwice.pl\/new\/?page_id=295"},"modified":"2021-10-05T14:40:55","modified_gmt":"2021-10-05T12:40:55","slug":"kontakt","status":"publish","type":"page","link":"https:\/\/www.sp11.gliwice.pl\/?page_id=295","title":{"rendered":"Kontakt"},"content":{"rendered":"\t\t<div data-elementor-type=\"wp-page\" data-elementor-id=\"295\" class=\"elementor elementor-295\">\n\t\t\t\t\t\t<section class=\"elementor-section elementor-top-section elementor-element elementor-element-4907f8e elementor-section-boxed elementor-section-height-default elementor-section-height-default\" data-id=\"4907f8e\" data-element_type=\"section\" data-e-type=\"section\">\n\t\t\t\t\t\t<div class=\"elementor-container elementor-column-gap-default\">\n\t\t\t\t\t<div class=\"elementor-column elementor-col-50 elementor-top-column elementor-element elementor-element-a1c94f2\" data-id=\"a1c94f2\" data-element_type=\"column\" data-e-type=\"column\">\n\t\t\t<div class=\"elementor-widget-wrap elementor-element-populated\">\n\t\t\t\t\t\t<div class=\"elementor-element elementor-element-ae36594 elementor-widget elementor-widget-text-editor\" data-id=\"ae36594\" data-element_type=\"widget\" data-e-type=\"widget\" data-widget_type=\"text-editor.default\">\n\t\t\t\t<div class=\"elementor-widget-container\">\n\t\t\t\t\t\t\t\t\t<p><span style=\"color: #000000;\">Szko\u0142a Podstawowa nr 11<\/span><br \/><span style=\"color: #000000;\">im. Hugona Ko\u0142\u0142\u0105taja<\/span><br \/><span style=\"color: #000000;\">w Gliwicach<\/span><br \/><span style=\"color: #000000;\">ul. Pocztowa 31<\/span><br \/><span style=\"color: #000000;\">44-100 Gliwice<\/span><\/p><p><span style=\"color: #000000;\">tel: (0-32) 232-18-74 <\/span><br \/><span style=\"color: #000000;\">tel: (0-32) 231-91-15 <\/span><br \/><span style=\"color: #000000;\">email: sekretariat@sp11.gliwice.eu <br \/><\/span><\/p><p><span style=\"color: #000000;\">Rada Rodzic\u00f3w SP11<\/span><br \/><span style=\"color: #000000;\">rada.rodzicow.gliwice.sp11@gmail.com<\/span><\/p>\t\t\t\t\t\t\t\t<\/div>\n\t\t\t\t<\/div>\n\t\t\t\t<div class=\"elementor-element elementor-element-2f88f3a elementor-view-framed elementor-shape-circle elementor-widget elementor-widget-icon\" data-id=\"2f88f3a\" data-element_type=\"widget\" data-e-type=\"widget\" data-widget_type=\"icon.default\">\n\t\t\t\t<div class=\"elementor-widget-container\">\n\t\t\t\t\t\t\t<div class=\"elementor-icon-wrapper\">\n\t\t\t<a class=\"elementor-icon\" href=\"https:\/\/www.facebook.com\/SP11Gliwice\" target=\"_blank\">\n\t\t\t<i aria-hidden=\"true\" class=\"fab fa-facebook-square\"><\/i>\t\t\t<\/a>\n\t\t<\/div>\n\t\t\t\t\t\t<\/div>\n\t\t\t\t<\/div>\n\t\t\t\t<div class=\"elementor-element elementor-element-0a37bc7 elementor-view-framed elementor-shape-circle elementor-widget elementor-widget-icon\" data-id=\"0a37bc7\" data-element_type=\"widget\" data-e-type=\"widget\" data-widget_type=\"icon.default\">\n\t\t\t\t<div class=\"elementor-widget-container\">\n\t\t\t\t\t\t\t<div class=\"elementor-icon-wrapper\">\n\t\t\t<a class=\"elementor-icon\" href=\"https:\/\/www.youtube.com\/channel\/UCPGKN9Stb8tnNDA3bvZ0d-g\" target=\"_blank\">\n\t\t\t<i aria-hidden=\"true\" class=\"fab fa-youtube\"><\/i>\t\t\t<\/a>\n\t\t<\/div>\n\t\t\t\t\t\t<\/div>\n\t\t\t\t<\/div>\n\t\t\t\t\t<\/div>\n\t\t<\/div>\n\t\t\t\t<div class=\"elementor-column elementor-col-50 elementor-top-column elementor-element elementor-element-e29dd34\" data-id=\"e29dd34\" data-element_type=\"column\" data-e-type=\"column\">\n\t\t\t<div class=\"elementor-widget-wrap elementor-element-populated\">\n\t\t\t\t\t\t<div class=\"elementor-element elementor-element-a756136 elementor-widget elementor-widget-google_maps\" data-id=\"a756136\" data-element_type=\"widget\" data-e-type=\"widget\" data-widget_type=\"google_maps.default\">\n\t\t\t\t<div class=\"elementor-widget-container\">\n\t\t\t\t\t\t\t<div class=\"elementor-custom-embed\">\n\t\t\t<iframe loading=\"lazy\"\n\t\t\t\t\tsrc=\"https:\/\/maps.google.com\/maps?q=Szko%C5%82a%20Podstawowa%20nr%2011%20im.%20Hugona%20Ko%C5%82%C5%82%C4%85taja&#038;t=m&#038;z=15&#038;output=embed&#038;iwloc=near\"\n\t\t\t\t\ttitle=\"Szko\u0142a Podstawowa nr 11 im. Hugona Ko\u0142\u0142\u0105taja\"\n\t\t\t\t\taria-label=\"Szko\u0142a Podstawowa nr 11 im. Hugona Ko\u0142\u0142\u0105taja\"\n\t\t\t><\/iframe>\n\t\t<\/div>\n\t\t\t\t\t\t<\/div>\n\t\t\t\t<\/div>\n\t\t\t\t\t<\/div>\n\t\t<\/div>\n\t\t\t\t\t<\/div>\n\t\t<\/section>\n\t\t\t\t<\/div>\n\t\t","protected":false},"excerpt":{"rendered":"<p>Szko\u0142a Podstawowa nr 11im. Hugona Ko\u0142\u0142\u0105tajaw Gliwicachul. Pocztowa 3144-100 Gliwice tel: (0-32) 232-18-74 tel: (0-32) 231-91-15 email: sekretariat@sp11.gliwice.eu Rada Rodzic\u00f3w SP11rada.rodzicow.gliwice.sp11@gmail.com<\/p>\n","protected":false},"author":2,"featured_media":0,"parent":0,"menu_order":0,"comment_status":"closed","ping_status":"closed","template":"","meta":{"ngg_post_thumbnail":0,"footnotes":""},"class_list":["post-295","page","type-page","status-publish","hentry"],"_links":{"self":[{"href":"https:\/\/www.sp11.gliwice.pl\/index.php?rest_route=\/wp\/v2\/pages\/295","targetHints":{"allow":["GET"]}}],"collection":[{"href":"https:\/\/www.sp11.gliwice.pl\/index.php?rest_route=\/wp\/v2\/pages"}],"about":[{"href":"https:\/\/www.sp11.gliwice.pl\/index.php?rest_route=\/wp\/v2\/types\/page"}],"author":[{"embeddable":true,"href":"https:\/\/www.sp11.gliwice.pl\/index.php?rest_route=\/wp\/v2\/users\/2"}],"replies":[{"embeddable":true,"href":"https:\/\/www.sp11.gliwice.pl\/index.php?rest_route=%2Fwp%2Fv2%2Fcomments&post=295"}],"version-history":[{"count":22,"href":"https:\/\/www.sp11.gliwice.pl\/index.php?rest_route=\/wp\/v2\/pages\/295\/revisions"}],"predecessor-version":[{"id":1456,"href":"https:\/\/www.sp11.gliwice.pl\/index.php?rest_route=\/wp\/v2\/pages\/295\/revisions\/1456"}],"wp:attachment":[{"href":"https:\/\/www.sp11.gliwice.pl\/index.php?rest_route=%2Fwp%2Fv2%2Fmedia&parent=295"}],"curies":[{"name":"wp","href":"https:\/\/api.w.org\/{rel}","templated":true}]}}